he remainder when 50 is divided by f?
24
Let b(n) = n**3 + 2*n**2 - n - 4. Let y be b(-3). What is the remainder when 8 is divided by (-46)/y - (-16)/40?
3
Let l(b) = b**2 - b. Let w be l(0). Suppose -5*m + 2*i + 1 = -51, w = 3*i - 12. Calculate the remainder when m is divided by 7.
5
What is the remainder when 4 is divided by -2 + 4*15/12?
1
Calculate the remainder when 58 is divided by 8/3*30/4.
18
Let s(q) = 3*q - 4. Let w be s(-4). Calculate the remainder when (-4)/(w/(-38))*-2 is divided by 10.
9
Let i = 88 - 50. Let f(z) = -z**2 + z + 1. Let j(h) = 9*h**2 + 3*h + 5. Let k(g) = -4*f(g) + j(g). What is the remainder when i is divided by k(1)?
12
Suppose 3*n + 24 + 41 = 4*o, -4*o + 60 = -4*n. What is the remainder when 178 is divided by o?
18
Suppose 11*v - 9*v = -8. What is the remainder when ((-7)/v)/(16/384) is divided by 15?
12
Let m(a) = -a**3 - 7*a**2 - 7*a - 1. What is the remainder when 23 is divided by m(-6)?
3
Suppose -2*b - b = -39. Suppose -b = -x - h, -6*h - 25 = -4*x - h. Suppose 4*w = 5*w - 39. What is the remainder when w is divided by x?
9
Let m(t) = 7*t**2 - 2*t + 1. Suppose 10 = 2*f + 4*i, 5*i - 16 = -3*f - 3. Calculate the remainder when 17 is divided by m(f).
5
Let x = 0 + 3. Suppose -2*h + x = 1, -13 = -3*o + 5*h. What is the remainder when 17 is divided by o?
5
Suppose 17 - 77 = -2*x - 5*m, m = 5*x - 123. Suppose -32 = -3*t + x. Calculate the remainder when t is divided by 10.
9
Suppose d + d = -30. Suppose 14 + 21 = 5*u. What is the remainder when 2/(-10) + (-303)/d is divided by u?
6
Suppose 0*h - 52 = -4*h. Let i = 3 + h. Calculate the remainder when 31 is divided by i.
15
Let h(w) = 16*w - 2. Let l be (-49)/(-21) - 4/(-6). What is the remainder when h(l) is divided by 12?
10
What is the remainder when 77 is divided by (-158)/(-8) - 5/(-20)?
17
Let h(b) = b**3 + 9*b**2 - 11*b + 12. Suppose -40 = -3*t + 7*t. Calculate the remainder when (-1)/(-4) - 777/(-12) is divided by h(t).
21
Suppose -11 = -2*k + 15. Suppose 0 = 2*w - 1 - k. Let g = 24 - -1. What is the remainder when g is divided by w?
4
Let l(s) = -105*s**2 - 13. Let o(q) = -52*q**2 - 6. Let b(v) = 6*l(v) - 13*o(v). Calculate the remainder when b(-1) is divided by 16.
14
Suppose 0 = -5*t + 3*h - 44 + 148, -3*h = 2*t - 29. What is the remainder when 73 is divided by t?
16
Suppose 0 = -27*g + 26*g + 37. Calculate the remainder when g is divided by 13.
11
Let l(u) = 59*u + 9. Calculate the remainder when l(2) is divided by 32.
31
Let n = -70 + 18. Suppose -54 = -3*i + 18. Calculate the remainder when i is divided by 6/4*n/(-6).
11
Suppose 3*n = -4*l + 15, -n + 3 = -2*l - 2. Suppose -1 = 2*b - b - n*k, -3*k - 3 = 0. Calculate the remainder when ((-3)/b)/((-1)/(-40)) is divided by 7.
6
Let u be -4*(1 - (-2 + 1)). Let d(l) = -2 - 1 - 8 + l**3 - 6*l**2 + 13*l**2 - 11*l. Calculate the remainder when d(u) is divided by 5.
3
Let n be (-6)/(-9) - 2/3. Let z be 61 - (1 + n/(-3)). Let r = z - 23. Calculate the remainder when r is divided by 19.
18
Let r(o) = -2*o**3 - 3*o**2 - 2*o - 2. Let v be r(-2). Let i(m) = 7 - v - 6 + m**2 + m. Calculate the remainder when 29 is divided by i(-5).
14
Let a(m) = -4*m - 12*m - 11 + 2*m**2 - 3*m**2. What is the remainder when 7 is divided by a(-15)?
3
Let o = 6 + -4. Suppose o*t - c = 3, -4*c + 8 = -3*t - 0*t. Calculate the remainder when 5 is divided by t.
1
Suppose -15 = -l + 4*l. Let u(i) = i**2 + 3*i - 5. Calculate the remainder when u(l) is divided by 2.
1
Let c(y) = y + 27. Calculate the remainder when c(-4) is divided by 12.
11
Let d = 45 + -25. Let h = d - 15. Let t = 13 + -4. What is the remainder when t is divided by h?
4
Let a = -41 - -68. Let j = 17 + -3. Calculate the remainder when (a/4)/(4/16) is divided by j.
13
Suppose 6 = q + 2*q. Suppose -4*n = -5*w - 89, 17 = q*n + w + 2*w. Suppose h - 5 = 42. What is the remainder when h is divided by n?
15
Let n = 100 - 54. What is the remainder when n is divided by 16?
14
Suppose 3*i = -s + 9, 4*i - 13 = 3*i + 3*s. Suppose -5*l + 30 = -f, f = -i*l - 3*f + 24. Suppose 11 = 3*b - 40. Calculate the remainder when b is divided by l.
5
What is the remainder when 2 + (-96)/(6/(-3)) is divided by 26?
24
Let p(c) = 6*c**2 + 5*c. What is the remainder when p(-4) is divided by 13?
11
Suppose -4 + 52 = 4*h. Let f = 8 - h. What is the remainder when 3 is divided by f/18 + 40/18?
1
Let o(d) = -d**2 - 6*d + 2. Suppose 0 = -5*y + 4*y - 5. Calculate the remainder when 141/11 - 2/(-11) is divided by o(y).
6
Suppose -m = -2*o - 14, -5*m - 4*o + 5*o = -79. What is the remainder when 61 is divided by m?
13
Let m = 17 + -12. What is the remainder when 13 is divided by m?
3
Let u be 1 + (4 - 1)*-1. Let z be 1 + u + 1 - 1. What is the remainder when 29 is divided by (-4 + 5)/(z/(-10))?
9
Suppose n - 39 = -4*y, -n + 25 = -0*n - 3*y. Calculate the remainder when 91 is divided by n.
29
Let c be (-2)/7 + 60/14. Suppose c*p = -13 + 5. What is the remainder when p/3*3 - -31 is divided by 10?
9
Let f = -31 - -37. Calculate the remainder when f is divided by (-24)/(-10) - 2/5.
0
Let r = 59 + -49. What is the remainder when r is divided by (0 + -2)/2 - -4?
1
Suppose 2*w - 39 = -3*b - 0*b, 4*w = -5*b + 73. Let i = 20 - w. What is the remainder when 31 is divided by i?
7
Let u = 16 + -5. What is the remainder when u is divided by 4?
3
Let d = -8 - 4. Suppose -2*b + 0*b - 6 = 0. What is the remainder when (-354)/(-8) - b/d is divided by 15?
14
Let l(y) = -2*y**3 + 2*y**2 - 2. Let r be l(2). Let b(v) = v**2 + 0*v**2 + 6*v + 7 + 6. What is the remainder when b(r) is divided by 18?
17
Suppose -3*s + 2 = -2*s. Suppose -2*r - 3*u = -s*u - 143, 85 = r + 5*u. Calculate the remainder when r is divided by 18.
16
Let n(f) = 1 - 2*f**3 + 0*f**3 - f**2 + 13 + f**3. Calculate the remainder when n(0) is divided by 5.
4
Let s be 5 + 1*(-2 + 0). Suppose s*f + 0*f + 67 = 2*i, f - 84 = -3*i. Calculate the remainder when i is divided by 10.
9
Let h = -5 + 10. Suppose 2*m + 2 = -2*u, -5*u - 2*m + 0*m - 2 = 0. Suppose 3*w + 15 = u, -28 = -q + w - 10. What is the remainder when q is divided by h?
3
Let n = -21 + 22. Suppose g = -3*f + n + 12, -5*f = -4*g + 52. What is the remainder when 49 is divided by g?
10
Suppose 38 = 5*v - 3*v. Suppose -v = s - 2*s. Calculate the remainder when s is divided by 11.
8
Let f(k) = -k + 2 + 4*k**2 - 2*k - 3*k**2. Let b be f(3). Suppose -p + 0*g = -3*g - 36, -32 = -b*p - 2*g. What is the remainder when p is divided by 11?
10
Suppose 19 = q - 3*t, 5*q - 4*q - 4*t - 24 = 0. Calculate the remainder when 6 is divided by q.
2
Suppose 3*q = 4*y - 15 - 16, -4*q - 8 = 3*y. What is the remainder when 10 is divided by y?
2
Let v(d) = -d**2 - 5*d + 8. Let m be v(-6). Suppose m*x - 89 = -7. What is the remainder when x is divided by 15 - (-2 - -4) - 2?
8
Suppose -13*c - 6 = -12*c. Let f(p) = -p**2 - 6*p + 8. Calculate the remainder when 31 is divided by f(c).
7
Let v = -28 - -76. Calculate the remainder when v is divided by 3.
0
Let f(a) = 4*a**2 + 15 + a - 15. Let u be f(-1). Suppose -4*j = -u*i - 41, 0 = -3*j + i + 17 + 15. What is the remainder when 20 is divided by j?
9
Suppose 2*i + 2*i - j = 47, -1 = i + 4*j. Suppose 3*c - 1 - 56 = 0. What is the remainder when c is divided by i?
8
Let x = 8 + -2. Suppose -j - 2*j + x = 0. Calculate the remainder when 28 is divided by (1 - -8) + 2/j.
8
Suppose -10 - 14 = -3*q. Calculate the remainder when 23 is divided by q.
7
Suppose 15 = -3*h, -5*f - 70 = 7*h - 3*h. Let k(w) = w**3 + 10*w**2 + 10. What is the remainder when 29 is divided by k(f)?
9
Let q = 3 + -3. Suppose -b + 4*t = -q*b - 22, 4*b - 2*t = 32. What is the remainder when 10 is divided by b?
4
Suppose 5*v = 2*j - 1, 4*v + 4 = -0. Let n = j - -17. Calculate the remainder when 57 is divided by n.
12
Calculate the remainder when 19 is divided by (-35)/42*(-8)/10*9.
1
Suppose -5*n = -2*v - 253, 5*n + 0*n + 4*v - 229 = 0. Calculate the remainder when n is divided by 13.
10
Let u(c) = c**3 - 13*c**2 - 13*c - 8. Calculate the remainder when 11 is divided by u(14).
5
Let d = 168 + -93. Calculate the remainder when d is divided by 16.
11
Suppose 3*s - 6*s = -b + 84, -39 = 2*s + 5*b. Let p = s - -52. Let u = 25 - -23. What is the remainder when u is divided by p?
23
Let f = -212 - -279. Suppose 0*l + 4*l + 18 = 2*d,